r of 19429695 and 48585.
615
What is the highest common factor of 44584 and 21744?
8
What is the greatest common factor of 50 and 221653700?
50
What is the greatest common divisor of 209907269 and 437?
437
Calculate the greatest common divisor of 330 and 4838850.
30
What is the greatest common divisor of 19458 and 146546?
94
Calculate the highest common factor of 17379 and 5360456.
1931
What is the greatest common divisor of 3119677344 and 448?
224
Calculate the greatest common factor of 5781 and 1062380151.
5781
Calculate the greatest common factor of 29568 and 155776.
128
What is the greatest common factor of 9921011 and 1?
1
What is the highest common factor of 3991585 and 1885?
65
What is the highest common factor of 60321 and 8304?
3
What is the highest common divisor of 220 and 243501740?
20
Calculate the greatest common divisor of 871 and 1773187897.
871
What is the greatest common factor of 10412808 and 156?
12
Calculate the highest common divisor of 38231800 and 4275.
475
Calculate the greatest common divisor of 7448 and 553812.
532
What is the highest common factor of 774784 and 3008?
64
What is the greatest common divisor of 87450 and 3806990?
5830
Calculate the highest common divisor of 51789 and 48007.
61
Calculate the highest common divisor of 836 and 307010308.
44
Calculate the greatest common divisor of 3403 and 27658256.
83
Calculate the greatest common factor of 12199 and 2837931.
1109
Calculate the greatest common factor of 20979 and 436388841.
2331
Calculate the greatest common divisor of 5494581 and 76518.
2943
Calculate the highest common factor of 78 and 803394618.
78
What is the greatest common divisor of 8307 and 408438?
9
What is the greatest common factor of 1463 and 37743937?
1463
What is the highest common factor of 320847 and 6?
3
Calculate the greatest common divisor of 30888 and 70543.
11
Calculate the greatest common factor of 17753380 and 20.
20
Calculate the highest common factor of 19482 and 1843914.
1146
Calculate the greatest common factor of 15272 and 1479917888.
15272
What is the greatest common factor of 49602779 and 43?
43
What is the highest common divisor of 2866617 and 86697?
351
What is the greatest common divisor of 6819 and 43721155?
2273
Calculate the highest common factor of 7808 and 5957632.
128
What is the highest common factor of 1176 and 553968?
24
Calculate the highest common factor of 8738 and 305286.
34
Calculate the highest common divisor of 188 and 266223369.
47
What is the highest common divisor of 112734818 and 98?
14
Calculate the greatest common divisor of 177321352 and 897.
299
What is the greatest common divisor of 180 and 206595810?
90
Calculate the highest common factor of 486717 and 825.
33
Calculate the highest common divisor of 260 and 10090980.
20
What is the highest common divisor of 2963763 and 2057?
187
Calculate the highest common factor of 432 and 9292512.
48
What is the highest common factor of 1336036100 and 8225?
8225
Calculate the highest common divisor of 1547 and 238595.
119
What is the greatest common divisor of 4927 and 5594?
1
Calculate the highest common divisor of 137996138 and 70679.
3073
What is the highest common factor of 1593780 and 10605?
1515
Calculate the highest common factor of 51783 and 9640479.
1263
Calculate the highest common divisor of 168 and 59796.
12
What is the greatest common factor of 3783 and 184847?
13
Calculate the greatest common divisor of 54276616 and 3154.
38
What is the greatest common divisor of 388 and 1565885938?
194
Calculate the greatest common divisor of 154470160 and 260.
260
Calculate the greatest common divisor of 12604400 and 640.
80
What is the greatest common factor of 1491711936 and 1056?
1056
What is the highest common factor of 6594980 and 88020?
3260
What is the highest common factor of 8112860 and 2776?
1388
What is the greatest common divisor of 7337 and 35717183?
667
Calculate the greatest common factor of 33568 and 202326924.
4196
Calculate the greatest common factor of 600 and 53043000.
600
What is the highest common factor of 64 and 2041640416?
32
What is the greatest common divisor of 2452315 and 60?
5
Calculate the highest common divisor of 5487618 and 3819.
57
Calculate the highest common factor of 2673629 and 253988.
1351
What is the greatest common factor of 665772 and 3052?
436
What is the greatest common divisor of 97762410 and 13770?
4590
What is the greatest common divisor of 5696 and 674368?
64
What is the highest common divisor of 7747752 and 3816?
1272
What is the greatest common factor of 163773280 and 1056?
352
Calculate the highest common factor of 120501699 and 174.
87
What is the greatest common divisor of 5176 and 6215?
1
What is the greatest common factor of 1033410483 and 10017?
3339
Calculate the greatest common divisor of 1230 and 3501219600.
1230
What is the greatest common factor of 41173 and 277343?
209
What is the highest common factor of 1781 and 79701531?
1781
Calculate the greatest common factor of 1458 and 36705150.
1458
What is the highest common divisor of 217753466 and 1288?
322
What is the highest common factor of 11688948 and 8256?
516
What is the highest common factor of 264 and 8174424?
24
What is the highest common divisor of 10361220 and 420?
60
Calculate the greatest common divisor of 207694323 and 554.
277
What is the highest common factor of 17845704 and 432?
216
What is the greatest common factor of 19527360 and 240?
240
What is the greatest common divisor of 805437 and 37260?
621
Calculate the greatest common divisor of 2117338 and 20634.
362
What is the greatest common divisor of 46508219 and 95?
19
What is the highest common divisor of 1122 and 9479370?
102
Calculate the greatest common factor of 103107 and 1884.
3
What is the greatest common divisor of 98936788 and 4?
4
What is the highest common factor of 15749045 and 325?
65
What is the highest common factor of 121425487 and 141?
47
What is the highest common divisor of 10137122 and 1036006?
13114
Calculate the greatest common divisor of 9380 and 1187116.
28
Calculate the greatest common divisor of 121100985 and 20.
5
Calculate the highest common divisor of 2409 and 19635.
33
Calculate the greatest common factor of 2904 and 818466.
66
What is the highest common divisor of 21 and 2392285?
7
What is the highest common factor of 144 and 7944444?
36
Calculate the highest common divisor of 34 and 906182382.
34
What is the highest common factor of 164 and 147632144?
164
What is the highest common divisor of 6874784 and 1?
1
What is the greatest common factor of 144873752 and 2488?
2488
Calculate the greatest common divisor of 40218155 and 169803.
6289
Calculate the greatest common factor of 41 and 831972328.
41
What is the highest common divisor of 5907 and 3102249?
537
Calculate the highest common factor of 1072 and 3754.
2
Calculate the highest common factor of 8 and 17337.
1
Calculate the greatest common factor of 2976887 and 12464.
41
Calculate the highest common divisor of 1268334 and 2232.
558
Calculate the highest common factor of 55660 and 40457560.
2420
What is the greatest common divisor of 1467920 and 63755?
1555
Calculate the highest common factor of 872064 and 119606.
1514
Calculate the highest common divisor of 4984155 and 660.
165
Calculate the greatest common divisor of 82965846 and 194.
194
Calculate the greatest common factor of 3132780 and 5388.
12
Calculate the highest common divisor of 1203350 and 5166.
82
Calculate the greatest common factor of 9878 and 5569.
1
Calculate the highest common divisor of 67712 and 7232.
64
Calculate the greatest common divisor of 30317777 and 2946.
491
What is the greatest common factor of 11656 and 2181176?
376
What is the highest common factor of 36 and 1905504?
12
Calculate the greatest common factor of 1782 and 33137940.
66
Calculate the greatest common divisor of 152290527 and 14158.
7079
Calculate the highest common factor of 130 and 778160.
10
What is the greatest common divisor of 45 and 22465755?
45
Calculate the highest common divisor of 67189209 and 171297.
8157
What is the highest common factor of 5519420 and 1640?
820
What is the greatest common divisor of 105827 and 4851677?
1091
Calculate the highest common factor of 267384973 and 157.
157
Calcu